 the highest common factor of d and 8?
4
Suppose -5*c - 3*q - 429 = 0, 3*c + 0*q = -q - 259. Let k = 393 - c. Suppose -h - k = -5*h. What is the greatest common factor of 15 and h?
15
Let m = -430 - -271. Let n be 6/(m/54 + 3). What is the greatest common divisor of n and 18?
18
Let a(o) = -19*o - 1. Let h(f) = -f**3 + 8*f**2 - 7*f - 1. Let k be h(7). Let z be a(k). Calculate the highest common divisor of z and 18.
18
Suppose -1797 + 453 = -12*f. Calculate the highest common divisor of 14 and f.
14
Let t be ((-3)/(-4))/(5/20). Let c(h) = -h + 3. Let f be c(6). Let a(y) = -y. Let z be a(f). Calculate the greatest common factor of t and z.
3
Suppose y = -5*a + 19, 3*y - 5*a = 7*y - 151. Suppose -v = -5*v + y. What is the highest common divisor of 11 and v?
11
Let k be 40 + (2 - -1 - 3). Suppose 3*p - k = -p. Calculate the highest common divisor of p and 2.
2
Let l = 5 - 2. Let s = 5 - l. Suppose s*c + 0*c - 15 = -u, 0 = 4*u + 3*c - 40. Calculate the highest common factor of u and 14.
7
Let u(g) = 2*g + 11. Let x be u(8). Calculate the greatest common divisor of x and 3.
3
Let b(z) = -3*z - 5*z - z**2 - 5*z. Suppose -5*q - 28 - 32 = 0. Let n be b(q). Calculate the highest common factor of 18 and n.
6
Let m = 575 + -410. Suppose -m = -2*d - 11. Let t be (4/6)/(4/42). What is the highest common factor of d and t?
7
Let z = -42 - -75. What is the greatest common factor of z and 3?
3
Let z be ((-8)/10)/(5/(-25)). Let l be -7 + z + 0 + 19. Calculate the highest common divisor of l and 24.
8
Suppose -9 = -6*l + 3*l. Suppose -m - l*m = 0. Suppose i - 5*i + 56 = m. What is the greatest common factor of 28 and i?
14
Suppose 6*t - 5*s = 3*t + 36, 2*s = 5*t - 41. Let x(h) = -h**3 - h - 1. Let o be x(-1). What is the greatest common divisor of t and o?
1
Suppose -3*n - 5*p + 2 = -3, -2 = 2*n - 2*p. Let g = n + 4. Let m = 6 - 4. What is the greatest common divisor of m and g?
2
Suppose 6*v = -3*y + 5*v + 709, 0 = 3*v + 15. Let s be y/(-21)*(-15)/2. Let j be (-10)/(-25) - (-168)/5. What is the highest common factor of j and s?
17
Suppose 5*h + 2*s - 164 = 0, -2*s - 10 - 18 = -h. What is the highest common factor of 352 and h?
32
Let j be 1/(4/(-3))*-72. Suppose -5*h = 3*z - 49, 4*h + 105 - 29 = 4*z. Calculate the highest common factor of z and j.
18
Let w be ((-2)/5)/((-4)/160). Let x(c) = 4*c**2 - 4. Let r be x(-5). What is the highest common divisor of r and w?
16
Let k = -5 - -9. Suppose -k*l + 396 = 5*j, -2 - 2 = 4*l. Suppose 4*n = -5*g + 152, -15 = 2*g + n - 77. Calculate the highest common divisor of j and g.
16
Let r(x) = x**3 + 7*x**2 + 5*x + 2. Let p be r(-4). Let t(u) = 2*u + 4. Let z be t(5). Suppose -s + z = 2. What is the greatest common factor of p and s?
6
Let n(x) = 3*x - 4. Let z be n(3). Suppose -2*q = 3*c - 9, 5*c - 5 = -z*q + 15. Suppose q*k - 3 = -0*k. Calculate the highest common divisor of k and 1.
1
Suppose -3*m = -4*i - 19, 5*m - 3*i = 2*i + 40. What is the greatest common divisor of m and 13?
13
Let v be 1 + (3 - 4)*-5. Calculate the highest common factor of 15 and v.
3
Suppose -5*w + w + 176 = 0. Let p be (8/2 - 3) + 88. Let m = p - w. What is the highest common divisor of m and 15?
15
Let h(v) = 5*v + 4. Let k be h(8). Calculate the highest common factor of 11 and k.
11
Let p(t) = 14*t**2 - t - 1. Let u be p(-3). What is the greatest common divisor of 16 and u?
16
Let f(m) = -m**3 - 6*m**2 - m - 9. Let p(c) = -c**3 - 5*c**2 - c - 9. Let y(r) = 6*f(r) - 7*p(r). Let v be y(0). What is the highest common divisor of 9 and v?
9
Let f be ((-12)/(-8) - 1)/((-1)/(-30)). Calculate the greatest common factor of 75 and f.
15
Let s(m) = 36*m + 27. Let z(i) = -i - 1. Let x(j) = 4*s(j) + 108*z(j). Let q be x(1). Calculate the highest common divisor of q and 9.
9
Let f = 5 + -2. Let h be (2 - 3)*f*-11. Calculate the highest common divisor of h and 22.
11
Let f(m) = 2*m - 2. Let w be f(3). Suppose -w*a + 3*b = -2*a - 17, -4*a = 3*b - 7. Let t = -106 - -107. Calculate the highest common divisor of a and t.
1
Let n be (-12)/(-20) + 152/5. What is the highest common factor of n and 31?
31
Let f be (6/8)/((-4)/(-96)). Let o = 50 + f. What is the greatest common divisor of o and 17?
17
Suppose 775 = 5*z - 4*d, -2*d + 7*d = -2*z + 310. Calculate the greatest common factor of z and 31.
31
Let l = 24 + -13. Suppose -3*a + 43 + 14 = 0. Suppose 307 = 3*r + 3*z + a, 5*r = -3*z + 486. Calculate the greatest common divisor of l and r.
11
Suppose 2*a + 27 = 4*a + 5*t, -t = -4*a + 109. What is the greatest common factor of 39 and a?
13
Let m be (-3 - (-8)/3)*-3. Calculate the greatest common factor of 11 and m.
1
Let a = 0 + 12. Suppose -45 = -2*s + 3*f, 33 = s - f + a. Calculate the highest common factor of 162 and s.
18
Let b = 8 - 2. Let z be b*(2 - (-8 + 3)). Let p(c) = -c**2 - 5*c + 2. Let x be p(-4). What is the highest common divisor of x and z?
6
Let d = -21 + 38. Suppose 5*i = -2*y - d + 2, -2*i - 6 = y. Let l(n) = -n**2 + 5. Let v be l(y). Calculate the greatest common factor of 20 and v.
5
Suppose 215 = 4*m - h, m + 4*h = 3*m - 90. Suppose -4*z + j = -65, -j = 5*z + 3*j - m. Calculate the highest common factor of 60 and z.
15
Let w be 657/(-4) - (-1)/4. Let r = 237 + w. Let l = -39 + r. Calculate the highest common factor of l and 85.
17
Let z(s) = -2*s + 13. Let c be z(5). Calculate the greatest common divisor of c and 39.
3
Suppose 37 + 11 = -4*l. Let w be (-1)/((-10)/l - 1). Let f(t) = -t**3 + 7*t**2 - 3*t - 2. Let y be f(w). What is the highest common factor of y and 32?
16
Let r be 0/(-2)*1/3. Suppose i + i + 4 = r. Let h be (4 - -40)*(-1)/i. Calculate the greatest common divisor of 2 and h.
2
Let u(m) = -m**3 - 6*m**2 + 8*m + 16. Let s be u(-7). Let k = -25 - -70. Calculate the highest common factor of s and k.
9
Suppose -3*k - l + 1 + 10 = 0, -4*k + 11 = 5*l. What is the highest common divisor of 44 and k?
4
Let h(f) = 2*f - 3. Let c(v) = -v**2 - 7*v + 3. Let u be c(-7). Let a be h(u). Let o = -51 + 72. What is the highest common factor of a and o?
3
Let r(o) = 47*o**2 - 7*o + 16. Let j be r(3). What is the highest common factor of j and 38?
38
Suppose -5*c + 24 = -21. Let z = -8 + c. Let h be (-2)/(6/3) - -12. Calculate the highest common divisor of h and z.
1
Let o(g) = g + 2. Let h be o(5). Suppose -h*t + 144 = -3*t. What is the greatest common divisor of t and 4?
4
Let b(v) = 2*v. Let j be b(-3). Let p be j/((15/(-2))/5). Suppose p*h - 58 = w, -37 = -4*h + 3*w + 17. What is the highest common factor of 75 and h?
15
Let u = -24 - -54. Let f be (45/(-6))/((-2)/4). What is the greatest common factor of f and u?
15
Let m = 9 + 16. Suppose 0*n = 5*n - m. Calculate the highest common factor of 20 and n.
5
Suppose 0 = 5*x - 3*w + 14, 0 = w + 2*w - 9. Let a be 5*((-6)/3)/x. What is the highest common factor of 2 and a?
2
Let o = 10 - 5. Let r be (-1)/o + (-204)/(-20). Calculate the greatest common divisor of r and 10.
10
Suppose 0 = -2*g + 6, -3*k + g + 21 = -g. Suppose -2*p - 5 = -7*p - 4*f, -4*p = 5*f - 4. Calculate the greatest common factor of p and k.
1
Let u be (-10)/6*(-144)/40. What is the highest common divisor of u and 30?
6
Let q be (-106)/22 - 4/22. Let b(n) = -n**3 + n**2 + 6*n. Let f be b(q). Calculate the highest common factor of f and 48.
24
Let y be (10 + -11)*1*-5. Suppose 249 + 111 = y*o. What is the highest common divisor of 18 and o?
18
Suppose 96 = 4*q - 24. What is the greatest common divisor of 60 and q?
30
Suppose -4 = -2*o - 5*p, -o = -5*p - 14 - 3. Let w be 61 + (1 - (1 + -2)). What is the greatest common factor of o and w?
7
Let j be (-2)/(2*(-1)/(-15)). Let q = 21 + j. Suppose 2*f - 26 = -3*o, 3*f = -4*o - 2*f + 44. What is the highest common factor of q and o?
6
Let g = -28 + 58. What is the greatest common divisor of 10 and g?
10
Let b = -105 + 113. Let h(g) be the third derivative of g**5/12 - g**4/24 - g**3/3 - 2*g**2. Let v be h(2). Calculate the greatest common divisor of b and v.
8
Let y = 15 - 4. Suppose h - y = 9. Let m be 3/(3/19) - -1. Calculate the highest common factor of m and h.
20
Let a be 2 - -4*(-3 - -2). Let v(u) = 7*u**2 + 2*u. Let b be v(a). Calculate the highest common divisor of b and 120.
24
Suppose -4*n - 16 = 2*f, 7*f = 3*f + 2*n + 18. Calculate the highest common factor of f and 2.
2
Let t